Suppose -3*q + 15 = 3*v, -4*q - 2 = 2*v - 16. Suppose 192 + 202 = 5*b + g, 304 = 4*b - q*g. Let n = b + -14. What is the tens digit of n?
6
Let x = -36614 - -61520. What is the ten thousands digit of x?
2
Suppose -5*c = 4*h - 11792, 4*c - 11902 + 2493 = 5*h. Suppose -t - c = -3*j, -5*j = -3*j + t - 1569. What is the units digit of j?
5
Suppose -16 = -3*n + k, -2*n + 29 = -3*k + 9. Suppose 4*r + s = 6451, -8*r - 2*s + 6454 = -n*r. What is the units digit of r?
2
Let c(o) = -8 + 12 + 24*o - 66*o. Let h be c(-7). Let z = 513 - h. What is the hundreds digit of z?
2
Let h be -1*(-5 - 2)*(2 + -1). Suppose 5*c - 923 = -3*y, -h*c - 4*y - 180 = -8*c. What is the units digit of c?
4
Let q = -6378 + 28168. What is the units digit of q?
0
Let v = 9619 + -3199. What is the thousands digit of v?
6
Suppose -13305 = -4*x + 14*x - 107785. What is the hundreds digit of x?
4
Suppose 4*c - 3 = 3*c - 3*b, 2*c + 5*b = 4. Let w be (1/(-2))/((-1)/2). What is the tens digit of (-46)/c*(20/8 - w)?
2
Suppose -2*b = -3*c + 88029, -10*b + 9*b - 88026 = -3*c. What is the thousands digit of c?
9
Let q(v) = -2*v**3 + 171*v**2 + 262*v - 83. Let s be q(87). Let x = 2 + -1. What is the tens digit of (-2 - -2) + x + 16*s?
6
Suppose -5*l + 2*l = 0. Suppose -i - 6 = -2*b, -5*i = -l*i + 2*b + 66. What is the units digit of 1 + (-608)/i*3?
3
Suppose 4*a = -4*n + 7588, -2*n + 3*n + 3*a - 1905 = 0. What is the hundreds digit of n + (-5)/2*(-12)/10?
8
Suppose -704*c = -791*c + 1399830. What is the thousands digit of c?
6
Let o be (-685)/(-3) + 28/(-3) + 9. Let d = 624 - o. What is the hundreds digit of d?
3
Suppose -2*o + 3717*l + 103733 = 3718*l, 3*o - 155592 = l. What is the units digit of o?
5
Let g(q) = q**2 + 5*q - 7. Let p = -39 + 32. Let t be g(p). Suppose -t*v + 152 = -268. What is the tens digit of v?
6
Suppose -21 = -7*g + 791. Suppose -r = -137 - g. What is the tens digit of r?
5
Suppose 0 = -3*n + 9 + 3. Let l = 56 + -104. What is the tens digit of (3 + l)*1*n/(-3)?
6
Let l = 1669 + -1654. Suppose 0*a = -5*a. Suppose a = 48*j - 43*j - l. What is the units digit of j?
3
Suppose -5*d - 354094 - 86286 = -25*d. What is the ten thousands digit of d?
2
Let z(f) = 3*f**2 - 43*f + 13. Let d be z(14). Let j be (-523 - -2) + (-3 + d - 0). Let p = -349 - j. What is the hundreds digit of p?
1
Let v be 1 + -14 + 0 + -2. What is the hundreds digit of (3/(-12))/(v/91620)?
5
Suppose m + 5*c - 14375 = -576, -4*m - 3*c + 55094 = 0. What is the units digit of m?
9
Let r(j) be the first derivative of 61*j**2/2 + 279*j + 123. What is the tens digit of r(8)?
6
Let g = 6203 + 15307. What is the ten thousands digit of g?
2
Let p = 28943 + -10537. What is the tens digit of p?
0
Let y(h) = 3*h**2 + 28*h - 105. Let z be y(-15). What is the hundreds digit of 116310/z + (-4)/10?
7
Suppose 3*z = -5*c - 19 + 1, -2*z = 2. Let q be (329 - c)*(-2)/(-1). What is the units digit of 1/((-660)/q + 1)?
6
Let u be 64/24 - 12/(-9). Suppose 48 = c + u*o, 3*c - 3*o = 66 + 138. What is the tens digit of c?
6
Suppose -43 - 27 = -14*x. Suppose 0 = -x*a + 96*u - 91*u + 3260, 4*u + 1304 = 2*a. What is the hundreds digit of a?
6
Suppose 0 = 24*u - 1018868 - 398116. What is the units digit of u?
1
Suppose 0 = 18*x - x - 52887. What is the tens digit of x?
1
Let n be (0 - (-6)/(-7))*-14. Suppose -4*r = 2*r + n. What is the tens digit of (r/3)/(4*(-3)/720)?
4
Let j = -10 + 12. Suppose 5*b = 0, -2*p - j*b = -7*p + 2660. What is the tens digit of p?
3
Suppose 5*w - 8145 = -k, 4*k = 160*w - 161*w + 1629. What is the thousands digit of w?
1
Suppose -5*h = 4*x - 18, -h + 6 + 2 = 3*x. Suppose h*q - 723 = c, -4*q + 8*c - 4*c = -1436. What is the hundreds digit of q?
3
Suppose 4*h - 1294 = 2*v, 1291 = -2*h + 6*h + v. Suppose 2*j - 3 - 3 = 0. Suppose j*m + 0*k + k = 197, 3*k = -5*m + h. What is the tens digit of m?
6
Let k = 64916 + -31828. What is the units digit of k?
8
Let a(m) be the third derivative of 887*m**5/60 + m**4/3 + 5*m**3/3 + 32*m**2. What is the hundreds digit of a(-1)?
8
Let q(o) = -268*o - 663. What is the tens digit of q(-28)?
4
Let n = -4143 - -9116. What is the tens digit of n?
7
Suppose -5*h + 11*h + 12 = 0. What is the units digit of (-8)/h - ((-108)/4 + -4)?
5
Suppose -k - 4*x = -0*k - 3, -15 = -5*k - 3*x. Suppose c - 16 = 4*y, c = k*c + y + 13. What is the tens digit of (-765)/(-10)*c/(-6)?
5
Suppose -28*t + y + 222867 = -23*t, y + 178293 = 4*t. What is the units digit of t?
4
Let s = -186 - -189. Suppose -s*c - 3*m = -1506, -76*c = -79*c - 2*m + 1501. What is the tens digit of c?
9
Let s(a) = -a**3 - 16*a**2 - 15*a + 20. Let m be s(-15). Suppose 0 = m*h - 0*h - 20200. What is the thousands digit of h?
1
Let s(z) = -14*z**2 + 8*z. Let u(c) = 15*c**2 - 10*c + 1. Let q(a) = -5*s(a) - 4*u(a). What is the units digit of q(3)?
6
Let h(v) = 5*v**3 + 2*v**2 - 2. Let d be h(-1). What is the hundreds digit of -1*(-451 + d + 10)?
4
Suppose -2*k = 5*h - 2303, -5*h - 5845 = -7*k + 2*k. Suppose 4*y = 0, 0*g + 3*y - k = -3*g. What is the tens digit of g?
8
Let k(v) = -32*v - 3. Let t = -155 + 31. Let s = t - -121. What is the units digit of k(s)?
3
Let t(j) = 22*j + 22. Let n(b) = -22*b - 23. Let m(c) = -4*n(c) - 5*t(c). Let d be (-392 + 394)*2/((-4)/5). What is the tens digit of m(d)?
9
Let y = -12794 + 18826. What is the units digit of y?
2
Let p(k) = -1147*k + 170. What is the units digit of p(-5)?
5
Suppose 5*s + 4417 = 3*m, 3*m + 1750 = -2*s - 0*m. Let u = 529 - s. What is the hundreds digit of u?
4
Let g(s) = s**3 - 13*s**2 - 27*s - 94. What is the hundreds digit of g(32)?
4
Let p(b) = -29*b**2 + 8*b + 48. Let v be p(-6). Let u = v - -1499. What is the hundreds digit of u?
4
Suppose -2*y - 96 = -106. Suppose y*d + 2*v - 1462 = 0, -3*d + 323 = 3*v - 547. What is the tens digit of d?
9
Let w(x) = -896*x**3 - x**2 + 5*x + 7. Let i be w(-1). Suppose 1613 + i = 5*v. What is the tens digit of v?
0
Let k(n) = -6*n**3 - 2*n**2 + 7*n + 8. Let b be k(-1). What is the units digit of 4 + (-3)/(-15)*b?
5
Let f be (-1)/4 - 97/(-4). Suppose 0 = 26*w + 19*w - 3595 - 770. Suppose 11*n - f = w. What is the tens digit of n?
1
Suppose 3341 + 5388 = 53*i - 46*i. What is the hundreds digit of i?
2
Suppose 94*u - 102*u = -44568. What is the units digit of u?
1
Suppose -h - 5*p = -28, 0 = 10*h - 11*h + p + 22. Let d(n) = 2*n**2 + 94. What is the hundreds digit of d(h)?
1
Let j(z) = 6*z**2 - 27*z - 49. Suppose 13*f + 31*f = 836. What is the hundreds digit of j(f)?
6
Suppose -2*c = -5*c + 384. Let j = c + -14. Let f = j - 77. What is the tens digit of f?
3
Suppose -32*i + 785128 = -7*i + 43*i. What is the units digit of i?
6
Let i = -2740 + 20185. What is the thousands digit of i?
7
Let z be (0*5/15)/1. Suppose z = -c + 12*c - 110. Suppose -4*t = -c*t + 1002. What is the hundreds digit of t?
1
Let i(g) = 5*g**2 - 11*g - 202. What is the tens digit of i(-14)?
3
Suppose -6*a - 1474 = 5*a. Let g = a + -4. Let t = 5 - g. What is the tens digit of t?
4
Let o(g) = -g**2 + 5*g + 8. Let a be o(6). Let r be (-220)/(-11) + a*(-2 - -3). What is the units digit of 8/(-3) + r/33 - -9?
7
Let d(h) = -h**2 + 14*h + 18. Let b be d(15). What is the tens digit of -1*(-2 - b) + (-800)/(-10)?
8
Let i = -1663 - -5290. What is the thousands digit of i?
3
Suppose 0 = -l + 5*i + 5084, -5*l + i + 6888 = -18652. What is the tens digit of l?
0
Let d be ((-2)/8)/(1/(-12)). Let p(z) = -68*z**3 + z**2 - 3*z - 3. Let v be p(-2). Suppose v = d*w - 7. What is the units digit of w?
6
Let t(f) = -2*f + 11. Suppose 22 = 5*o - 58. Suppose -2*u + 6*u = o. What is the units digit of t(u)?
3
Suppose 18*n - 16*n - 1468 = 2*o, 5*o = n - 3666. Let l = 1252 + o. What is the tens digit of l?
1
Suppose -115 - 269 = k. What is the tens digit of (1 - (-185)/(-4))/(16/k)?
8
Suppose 6 = -4*u + u. Let c be 603 + u/2*0. Suppose 0 = -3*l - 3*j + 381, 2*l - c = -3*l + 3*j. What is the tens digit of l?
2
Suppose -4*z - 410 = 5*k, -2*k - 2*z = -54 + 218. Let y = -64 - k. Suppose -5*w + y = -j - 192, 2*j = 10. What is the tens digit of w?
4
Let b be ((-39)/52)/((-3)/372). Suppose 0 = u - 1240 - b. What is the tens digit of u?
3
Let f = -154 - -42. What is the units digit of (-2 - (6 + f)) + 3?
7
What is the hundreds digit of (10 - 11) + (-36310)/(-18) - 10/45?
0
Let n(y) = -4*y + 178. Let j be 